 -25) + j/1 + d. Calculate the greatest common divisor of p and 45.
15
Suppose -3*d = -6*d, 3*a = 2*d + 1140. Suppose -31*i + a = -178. What is the highest common factor of i and 81?
9
Suppose -1562*f + 1558*f = 3*z - 385, 4*z - f = 545. Calculate the greatest common divisor of 6660 and z.
45
Let a(r) = -4*r**3 - 21*r**2 - 143*r - 14. Let z be a(-8). What is the greatest common divisor of z and 42?
14
Let c be (732/3)/((-72)/(-160) + (-13)/52). Calculate the greatest common divisor of 28 and c.
4
Let q = 40003 + -39648. What is the greatest common divisor of 2201 and q?
71
Let z = -416 - -633. Let l be (z/(-28) - -4)*-24. Calculate the greatest common factor of 72 and l.
18
Let g(s) = 4*s**2 - 40*s - 361. Let u be g(-7). What is the highest common divisor of 138 and u?
23
Suppose -339*k - 3*g - 253 = -346*k, 0 = -3*k + 5*g + 127. What is the greatest common factor of 4930 and k?
34
Let l be (3/2)/(3/20). Let d(n) = -2*n**2 - 110*n + 58. Let c be d(-53). Calculate the highest common divisor of c and l.
10
Suppose -12 = -3*u, 5*w - 4117 - 2562 = 4*u. What is the greatest common divisor of 824 and w?
103
Let c(s) = -s**3 - 7*s**2 - 42*s - 24. Let x be c(-6). What is the highest common factor of x and 1356?
12
Let r be 3 + (-4)/((-12)/9). Let w = -51 + 55. Suppose -7*m = w*m - 264. Calculate the highest common factor of r and m.
6
Let l(y) = 18*y**2 + 17*y + 7. Let x be l(-5). Let s be ((-4)/(-8))/(6/x). What is the highest common divisor of 124 and s?
31
Suppose -41*q + 513 + 266 = 0. Suppose -62*c = -66*c + 1444. What is the greatest common divisor of q and c?
19
Suppose 0 = n - 4*n + 327. Let g = -103 + n. Let j be (-54)/(-1*(0 + 1)). What is the highest common divisor of g and j?
6
Suppose 268*q - 135*q - 247 = 120*q. Suppose j - 4*j + 173 = -2*f, 4*f + 118 = 2*j. What is the greatest common factor of j and q?
19
Let a(i) = -i**3 - 14*i**2 + 14*i - 7. Let u be a(-15). Suppose -4*j - u = -0*j. Let l be (-94)/j + -2 + 3. Calculate the highest common factor of l and 72.
24
Let t(n) = -n**2 + 9*n + 8. Let z be t(-1). Let j be (216/102 - z/(-17)) + 6. Let h be (4/3)/((-1)/(-9)). What is the greatest common factor of h and j?
4
Let p(v) = 7*v**2 + 20*v - 23. Let i be p(-6). What is the highest common factor of 3 and i?
1
Let o be (-1 - (2 + 26)) + -1. Let t = o + 110. Let l(u) = 86*u - 2376. Let h be l(28). What is the highest common factor of t and h?
16
Suppose p + 4*w = 306, -39*w = 3*p - 38*w - 885. Calculate the greatest common divisor of 10 and p.
2
Suppose 48*f = -2*m + 45*f + 4061, -2028 = -m - 4*f. What is the greatest common factor of 127 and m?
127
Let x be -5 - (-140)/30 - (-356)/6. Let g be (0 + 2 + -1)*x. What is the greatest common divisor of 531 and g?
59
Suppose -56*f = -94*f - 216*f + 3140456. What is the greatest common divisor of 88 and f?
44
Let s = 308 - 189. Let r = s + 14. Calculate the highest common factor of 38 and r.
19
Let v = -18 - -21. Suppose 0*y - 4*y - 2 = -2*u, v*u = 3. Suppose y = -2*n + i + 55, -2*n + 2*i + 85 = n. Calculate the highest common divisor of 5 and n.
5
Let k(l) = 8 + l + 5 + 3. Let p be k(9). Let i = -14 + p. What is the greatest common factor of i and 44?
11
Suppose 0 = -12*f - 658 - 98. Let b = 594 + f. What is the greatest common factor of 18 and b?
9
Let g(v) = -3*v**3 + 7*v**2 - 5*v + 3. Let t be g(3). Let o = t - -19. Let d = o + 55. Calculate the greatest common divisor of 11 and d.
11
Let o = 150 - 210. Let s = -59 - o. What is the highest common factor of 4 and s?
1
Let f be 2/(-6) + 5/(15/(-14)). Let i(z) = -z**2 - 7*z + 5. Let l be i(f). Calculate the greatest common divisor of 120 and l.
15
Suppose -5*z = 5*s - 9*z - 700, -z = -s + 139. Calculate the greatest common divisor of 612 and s.
36
Let a = 2376 + -2330. What is the greatest common factor of 31073 and a?
23
Suppose 2130 = 48*w - 366. Calculate the highest common factor of w and 663.
13
Let p(z) = -27*z**2 + 3349*z + 38. Let l be p(124). Suppose 238 + 194 = 4*v. What is the greatest common divisor of v and l?
54
Let s(h) = -12*h + 27. Let u be s(2). Suppose -351 = -13*r - 0*r. Calculate the highest common factor of r and u.
3
Suppose 26*b - 10 = 202 + 48. Let u = 4 + 26. What is the greatest common factor of u and b?
10
Let s(y) = -y**2 - 17*y + 44. Let v be s(-20). Let x be 2/4 + ((-696)/v - -3). What is the greatest common divisor of 47 and x?
47
Let z(w) = 7*w**3 + 47*w**2 - 16*w. Let n be z(-6). Calculate the greatest common factor of 1587 and n.
69
Let v(r) be the second derivative of -r**5/20 + 7*r**4/12 + r**3 - 16*r**2 + 295*r. Let t be v(6). Calculate the highest common divisor of t and 136.
8
Let p(v) = 13*v + 8 + v**2 - v - 4*v. Let h be p(-7). Let c = 26 + -24. What is the greatest common divisor of h and c?
1
Let x = 1799 + -1614. What is the highest common factor of x and 148?
37
Let g = -29 - -140. Suppose -53*p + 2960 = -37*p. What is the greatest common factor of g and p?
37
Let k(b) = b**2 + 88*b - 962. Let d be k(13). Calculate the greatest common factor of 7839 and d.
117
Let q(b) = -b**3 + 47*b**2 - 86*b - 167. Let k be q(45). Calculate the highest common factor of k and 4199.
13
Let w be 9*(0 - -1) - 2. Let h = 48 - -126. Let i = -146 + h. What is the highest common factor of i and w?
7
Let d be (699/(-6))/(1/(-2)). Suppose -13 = -2*o - d. Let p = o + 150. What is the highest common factor of p and 100?
20
Let c(y) = 5*y**3 + 7*y**2 + 2*y - 4. Let v be c(-3). Let z = -57 - v. What is the highest common divisor of 50 and z?
25
Let y = 66 + -62. Suppose -4*f - 64 = -y*g, -64 = -4*g + 2*f - f. Let j = 30 - g. What is the greatest common divisor of 35 and j?
7
Let r(b) = 185*b**2 + 29*b - 40. Let d be r(6). What is the greatest common divisor of d and 86?
86
Suppose -2*v = -2*h - 440, v - 145 = -2*h + 75. Suppose -10*o = -0*o - v. Calculate the greatest common divisor of 44 and o.
22
Let q = -545 + 770. Let m(d) = -d**3 + 16*d**2 - 9*d - 263. Let o be m(14). What is the greatest common factor of o and q?
3
Let t = -3798 + 4923. Calculate the greatest common divisor of t and 18.
9
Suppose -200 = 14*h - 10*h. Let i be (-3 + (-39)/(-15))/(2/h). Let s = i + 11. Calculate the greatest common divisor of s and 84.
21
Suppose -22*y = 59*y - 4617. Calculate the highest common divisor of y and 76.
19
Suppose 2*p = -4*c - 818, p + c + 409 = 6*c. Let z = -345 - p. Calculate the greatest common factor of z and 192.
64
Suppose n - 21820 = -5*z, -3*n - 24*z + 29*z + 65420 = 0. Calculate the highest common factor of 30 and n.
30
Suppose -o - 164 = -2*t - 2*o, -t + 3*o = -82. Suppose 1129 + 1085 = 54*p. What is the greatest common divisor of t and p?
41
Suppose 2*p = -4*t + 26, 0 = -t - 0*p + 4*p - 16. Let o be 100/30 - (-4)/6. Calculate the greatest common factor of o and t.
4
Let c = -28063 + 28463. Calculate the greatest common divisor of c and 3250.
50
Suppose -32*d + 34*d = 120. Let b = 3356 - 2396. Calculate the greatest common divisor of d and b.
60
Suppose 60*r - 16452 - 348 = -0*r. Calculate the highest common factor of 2680 and r.
40
Suppose 2*u + 4 = 0, -2*u + 1187 = d - 15285. Calculate the greatest common factor of 12 and d.
12
Suppose 0 = -2*b - 16 + 14, -487 = 3*s - 2*b. Let z = -157 - s. Calculate the highest common factor of 48 and z.
6
Suppose 7*m = 2*m + 15. Suppose 19 - m = y. Let a be y/56 - (-201)/7. What is the greatest common divisor of a and 203?
29
Let i = 15975 + -13079. What is the highest common factor of i and 32?
16
Suppose 0 = 20*o - 101*o - 12166 + 97054. What is the highest common divisor of o and 3930?
262
Let p(a) = -a**3 - 26*a**2 + 25*a + 50. Let v be p(-27). Suppose -408 = -69*r + 696. Calculate the greatest common factor of r and v.
8
Let q be (56 - 51) + 3*(0 + -1). Suppose -q*l = g - 7*l - 357, 5*g = -5*l + 1785. Calculate the highest common divisor of 102 and g.
51
Suppose 3*u - 15 = -2*u. Let y(h) = -3*h - h + h - 3 - u*h. Let a be y(-5). What is the greatest common divisor of 189 and a?
27
Let i be 588*72/32 + (1 - -2)*-1. What is the greatest common divisor of 2040 and i?
120
Let v(h) = -12*h**3 - 3*h**2 - 37*h - 42. Let q be v(-5). Calculate the greatest common divisor of q and 40.
8
Suppose -3*y + y = 124. Let p = 64 + y. Let d be 6*p/6 - (-99)/3. Calculate the highest common fa